 c(-2). Is ((-2)/v)/(6/(-495)) prime?
False
Let s(n) = n**2 + 3*n - 4. Let i = -1 + -4. Let f be s(i). Suppose -3 = -p - 5*z, f*p - p = 4*z + 15. Is p prime?
True
Let w(l) = 4*l**3 + 3*l**2 + 2*l + 4. Is w(3) a composite number?
True
Is (0 + -2)*(393/(-6) + 2) a prime number?
True
Suppose 9450 = 7*q + 1421. Is q composite?
True
Suppose -3*m + 700 = m. Let x = -92 - 26. Let z = m + x. Is z composite?
True
Is 2 + 11/(-4) + 4890/24 a prime number?
False
Let l be 1 + (4/2 - -3). Let o be (-3)/(-2) - l/12. Let h(f) = 54*f**2 - 2*f + 1. Is h(o) a prime number?
True
Let z be (-31 + 1)/((-1)/4). Is z + 0 - 2/2 prime?
False
Let k(d) = -d**2 + 3*d + 3. Let b = -10 - -8. Let u be k(b). Let g = u + 30. Is g prime?
True
Let y(d) = -23*d + 3. Let t be y(-4). Let z be (-47 + -1)/(10/t). Let k = -85 - z. Is k a prime number?
False
Suppose -7*s = -159 - 478. Is s composite?
True
Let a = 186 + -113. Is 10 + a + -1 + 1 a composite number?
False
Let t(f) = f**2 + 6*f + 6. Let u be t(-6). Suppose m + 2*m = -u. Is m/(-6) + (-325)/(-15) a prime number?
False
Let q(x) = -x**3 - 6*x**2 - 3*x + 5. Let c be q(-5). Let n(b) = 7*b**2 + 6*b + 3. Let o be n(c). Suppose m - o = -3*m. Is m a composite number?
False
Suppose -a + 1375 = -5*h + 2*h, 0 = -h + 2. Is a composite?
False
Let t = 2564 - 1611. Is t prime?
True
Let h be (-2)/4 + 385/2. Suppose -3*n = n - h. Let b = n - 27. Is b a composite number?
True
Let a = 27 + -29. Is 3 + (-652)/a + 2 prime?
True
Suppose 2*q = -5*r + 424, -3*r + 5*q + 101 = -2*r. Suppose 2*v + 0*v = r. Is v prime?
True
Suppose 30 = -6*z + 8*z. Let g(m) = m**3 - 14*m**2 - 9*m - 16. Is g(z) a composite number?
True
Suppose -a - 2*a = -555. Is a prime?
False
Suppose -2*m = -1412 + 150. Is m a prime number?
True
Suppose 0 = -j + 3*j + 6. Let k be ((-55)/(-3))/(1/j). Let p = k + 77. Is p a composite number?
True
Let y(l) = -2*l**3 - 9*l**2 + 2*l + 4. Suppose -6*j = -5*j + 7. Is y(j) composite?
True
Is (11/2)/((12/(-2))/(-1956)) prime?
False
Let k(b) = 89*b**2 + 5*b - 4. Let n be k(-4). Suppose -3*c = c - n. Suppose -4*j - 2*z = -c, 4*z + 38 = 3*j - 208. Is j prime?
False
Suppose 2*w = q - 0*w - 743, -2*w = 2*q - 1516. Is q a prime number?
False
Let z = -937 - -1466. Is z prime?
False
Let b = -385 + 173. Let w(h) = -17*h**3 - 3*h**2 + 1. Let j be w(2). Let k = j - b. Is k a composite number?
True
Suppose -q + 1 = -0*q. Is (1*53)/(q/1) a composite number?
False
Let b = -6 - -3. Let z be (8/b)/((-10)/15). Suppose 6*k = 5*j + 3*k - 81, -3*k + 54 = z*j. Is j prime?
False
Suppose -5*h = -3*p - 18 + 7, -4*p = -2*h - 4. Suppose i = -h + 6. Suppose -2*o + i*f = -430, 4*f - 215 = -0*o - o. Is o a prime number?
False
Suppose 0 = 6*n - 137 - 193. Is n a composite number?
True
Let s = 10 + -4. Suppose 3*h + 9 = s*h. Suppose -61 = -h*v - 4. Is v composite?
False
Suppose 0 = -4*d - m - 2*m - 24, -13 = -d + 4*m. Let z = -14 + 16. Is 3/d*z - -33 a prime number?
True
Suppose -a - 2*a + 8943 = 0. Is a composite?
True
Let v(r) = -2 + 2*r**2 + 3*r - 3*r**3 - r**2 + r**3 - 7*r**2. Is v(-5) a composite number?
False
Let k = 0 + -2. Let d be -49*11*-1 + k. Suppose d = 3*x + 180. Is x a prime number?
False
Suppose 5*p + 111 - 826 = 0. Is p prime?
False
Is (-1 + (-18)/8)*-172 a composite number?
True
Let j be 0/((0 - 1) + 0). Suppose j = -5*c + 21 - 71. Is (-3)/15 - 912/c composite?
True
Suppose l + l - 166 = 0. Let t = -6 - 10. Let c = l + t. Is c a prime number?
True
Is (301/(-4))/(6/(-24)) prime?
False
Let y(r) = -r**2 - 3*r + 2. Let d be y(-2). Suppose -3*q + 4*b - 5*b = -17, -b + 22 = d*q. Suppose -q*n + 35 = -60. Is n a prime number?
True
Let n be 2/(-6) + (-804)/(-9). Suppose 2*t - 3*t + 95 = l, 4*t = -l + n. Is l a prime number?
True
Suppose -4*p - 226 = 194. Let k = 406 - 110. Let x = p + k. Is x prime?
True
Let i = -18 + 30. Is 3*6 + i/(-4) composite?
True
Let k(c) be the second derivative of -c**4/12 + 5*c**3/3 - 5*c**2/2 + 2*c. Let h = 21 + -13. Is k(h) a prime number?
True
Let b be -261 - -4 - 1*-3. Let n = -141 - b. Is n a prime number?
True
Let d be (12/(-9) - -1)*3. Let c = d + 8. Is c a composite number?
False
Suppose 0 = -2*z - 3*o - 11, -5*o = -z - o + 11. Is 24/8 + (129 - z) a prime number?
False
Let y = -308 - -571. Is y a prime number?
True
Let p(k) = -5*k**3 - k**2 - 8*k - 7. Let s be 495/(-105) - (-2)/(-7). Is p(s) prime?
False
Let t be 6/4 + 26/4. Suppose 29 = x - b, 0 = -3*b - 2 + t. Is x composite?
False
Let m be -1*(-3)/((-12)/28). Is 14/m*254/(-4) a prime number?
True
Let n(h) = 251*h. Is n(1) prime?
True
Let r(y) = 11*y**3 + 2*y - 3. Let g be r(2). Let z = g + 72. Is z composite?
True
Let l(d) = 8*d**2 - 1 + 2*d**3 - 3*d**3 + 2*d**3. Let x be l(-8). Is (x - 0)/((-5)/265) a composite number?
False
Suppose 1882 = 2*h + 528. Is h composite?
False
Let o(h) = 346*h + 5. Is o(5) a composite number?
True
Is (-42)/9*996/(-8) a prime number?
False
Let v = 1013 - 532. Is v prime?
False
Suppose 6 = -5*t + 26. Suppose 3*v - 339 = -3*p, 5*p = 2*p + t*v + 311. Is p a composite number?
False
Suppose 0 = 2*m + 3*m - 4345. Is m prime?
False
Suppose -4*q + 86 = -2*f, -q + 33 = q + f. Suppose -l + 14 + q = -2*h, 2*l + 4*h - 74 = 0. Is l composite?
True
Let l = -10 + 33. Suppose -492 + 5572 = 4*a. Suppose -3*o + a = -l. Is o a composite number?
False
Let i(z) = -z**2 - 9*z. Let q be i(-9). Suppose 2*y - t = 3*y, 4*y + 5*t + 3 = q. Suppose -y*r - 231 = -6*r. Is r a composite number?
True
Let d(b) = 24*b**3 - 3*b**2 + 6*b - 6. Is d(3) a prime number?
False
Let m(z) = 2*z**2 - 2*z + 2. Suppose -h + 2 = 4. Let v = 1 - h. Is m(v) composite?
True
Let h = 50 + -17. Let g = h + 18. Suppose -u + 4 = -g. Is u a prime number?
False
Let l(k) = -23*k - 7. Let x be 4/(-10) + 28/(-5). Is l(x) a composite number?
False
Let q(h) = 211*h**3 + h - 1. Is q(1) prime?
True
Let f(t) = -t**2 + 4*t + 7. Let m be f(5). Suppose -189 = -6*x + x + 3*b, -m*b - 35 = -x. Is x prime?
False
Let j = -1 + 6. Suppose l = -j*o + 12 + 6, 15 = -3*o. Is l a composite number?
False
Let x(v) = -v**2 + 5*v + 2. Let p be x(5). Suppose m + p*m = 1005. Is m prime?
False
Let f(k) = -15*k**3 + 11*k**2 - 2*k + 7. Is f(-8) composite?
True
Let m(w) = 2*w**2 + 8*w + 8. Let z be m(-6). Suppose -p - z = -119. Is p a composite number?
True
Suppose 4*a + t = -2*t + 8672, -5*a - 2*t + 10847 = 0. Is a a composite number?
True
Is (4/12 + -1)*(-2361)/2 composite?
False
Let l be (-2*9/(-6))/1. Suppose -l*m - d + 246 = -0*d, -5*d = -3*m + 264. Is m a prime number?
True
Let t = 259 + 36. Is t composite?
True
Suppose 0 = f + n - 64 + 9, 0 = 2*f + 4*n - 114. Suppose -p = -3*u - 34, -p + 3*u = p - f. Is p composite?
False
Let k(j) = -j**2 + j + 201. Let q(w) = 3*w**2 - 3*w - 402. Let x(f) = 5*k(f) + 2*q(f). Is x(0) prime?
False
Let r = -230 - -481. Is r composite?
False
Is 1/((5 - 4) + (-1746)/1749) a prime number?
False
Let d(f) = 3*f**3 - f**2 + 3*f - 2. Let b be d(2). Suppose 3*l + 57 = -b. Let i = -16 - l. Is i a prime number?
True
Suppose 2*q = -b + 17, 2*q + 3*q = 5*b + 50. Suppose 2*i = -2*d - 0*i - 30, 2*d = -4*i - 36. Is d/(-9)*q/2 prime?
False
Let x(u) = u**3 - u**2 - 10*u - 3. Is x(7) a composite number?
True
Suppose -2 = 3*g - g. Let v be g/(-2) - (-109)/2. Suppose -3*i + 4*r = 2*r - v, 4*r = -i + 23. Is i a prime number?
True
Suppose -5121 = -10*p + 6029. Is p a composite number?
True
Suppose -24 = 5*f - 9. Let l be (954/f)/(-1) - 2. Suppose j = -3*j + l. Is j a composite number?
False
Let p = -44 - -10. Is p/(2 + (-48)/21) composite?
True
Suppose 3*c = -h + 787, 4*h + c - 3093 = -0*h. Is (-4)/28 + h/14 a composite number?
True
Suppose 0 = 4*s - 13*s + 1467. Is s a composite number?
False
Let l = 12 + -11. Let w(z) = 142*z**3 + z**2 + z - 1. Is w(l) a prime number?
False
Suppose 3*q - 5*y - 528 = -0*y, 4*y - 12 = 0. Is q prime?
True
Let z(s) = -3*s**2 + 6*s - 2. Let l be z(6). Is ((-1)/2)/(1/l) a prime number?
True
Suppose 0 = -r + 3*u - 8, 0 = 5*r - 3*u + 28. Let a(n) = -5*n**2 - 2*n - 3. Let g(v) = -9*v**2 - 5*v - 5. Let l(o) = -7*a(o) + 4*g(o). Is l(r) composite?
True
Let g(b) be the first derivative of -b - 129*b**2 + 2*b + 0*b - 4. Is g(-1) composite?
True
Suppose h = -4*h + 65. Suppose 2*n = h + 1. Let j(t) = -t**3 + 6*t**2 + 11*t - 5. Is j(n) a composite number?
False
Suppose 0*i - 3*h + 1313 = 4*i, i = -4*h +